te number?
False
Is 184111 a prime number?
True
Is 35233 prime?
False
Is 15058 a composite number?
True
Is 1002331 prime?
False
Is 14995 a composite number?
True
Is 111833 a composite number?
False
Is 29717 a prime number?
True
Is 150734 a prime number?
False
Is 701951 a composite number?
False
Is 653461 a prime number?
True
Is 22817 composite?
False
Is 504466 a composite number?
True
Is 19531 a composite number?
False
Is 33679 a prime number?
True
Is 576787 a composite number?
False
Is 152593 a prime number?
False
Is 19471 composite?
False
Is 5147 prime?
True
Is 11393 prime?
True
Is 112949 prime?
False
Is 216259 a composite number?
False
Is 28789 prime?
True
Is 407 composite?
True
Is 17042 a prime number?
False
Is 1973 a composite number?
False
Is 8249 a prime number?
False
Is 3973 composite?
True
Is 74843 composite?
False
Is 4213 prime?
False
Is 64907 prime?
False
Is 6247 a composite number?
False
Is 8651 a prime number?
False
Is 67409 prime?
True
Is 34769 a composite number?
True
Is 2094253 prime?
False
Is 1315 prime?
False
Is 2631833 a prime number?
True
Is 38629 prime?
True
Is 2161 composite?
False
Is 539233 prime?
True
Is 60251 prime?
True
Is 72071 prime?
False
Is 6557 composite?
True
Is 130907 a composite number?
True
Is 233509 prime?
True
Is 17747 prime?
True
Is 12643 composite?
True
Is 9371 a prime number?
True
Is 4357 prime?
True
Is 614773 composite?
False
Is 64409 prime?
False
Is 96653 a prime number?
False
Is 10033 composite?
True
Is 181081 a prime number?
True
Is 1943635 a composite number?
True
Is 21701 prime?
True
Is 179997 a composite number?
True
Is 23185 a prime number?
False
Is 153623 a prime number?
True
Is 88073 composite?
True
Is 48017 a prime number?
True
Is 138121 prime?
False
Is 1961 prime?
False
Is 5181677 a composite number?
False
Is 15421 a prime number?
False
Is 11678 prime?
False
Is 56293 composite?
True
Is 235651 a prime number?
False
Is 3097961 a prime number?
False
Is 64279 a prime number?
True
Is 375677 composite?
True
Is 3797 a composite number?
False
Is 5959 prime?
False
Is 9871 a prime number?
True
Is 944329 composite?
False
Is 7233 a prime number?
False
Is 35681 a prime number?
False
Is 47933 composite?
False
Is 6879 composite?
True
Is 453 a composite number?
True
Is 88258 composite?
True
Is 93229 composite?
False
Is 11073 a composite number?
True
Is 87439 a prime number?
False
Is 76441 a composite number?
False
Is 111721 a prime number?
True
Is 18593 composite?
False
Is 142621 composite?
True
Is 97207 a prime number?
False
Is 69739 prime?
True
Is 6107 a prime number?
False
Is 106319 a prime number?
True
Is 196013 a prime number?
False
Is 13033 a prime number?
True
Is 2357 composite?
False
Is 24517 composite?
False
Is 8111 a prime number?
True
Is 76417 a prime number?
False
Is 315349 a composite number?
False
Is 210281 composite?
True
Is 797 a prime number?
True
Is 8659 composite?
True
Is 17279 a composite number?
True
Is 701 a prime number?
True
Is 11846 composite?
True
Is 81409 composite?
False
Is 19639 prime?
False
Is 30985 a prime number?
False
Is 39757 prime?
False
Is 4241 a composite number?
False
Is 347 composite?
False
Is 1087 a composite number?
False
Is 2762 composite?
True
Is 50477 prime?
False
Is 389269 a composite number?
False
Is 5591 prime?
True
Is 2471377 a composite number?
False
Is 22247 a prime number?
True
Is 839 a prime number?
True
Is 710791 prime?
True
Is 910421 prime?
True
Is 1147889 a prime number?
True
Is 564701 a composite number?
False
Is 12797 a prime number?
False
Is 13379 prime?
False
Is 36293 a prime number?
True
Is 147919 a prime number?
True
Is 11863 a composite number?
False
Is 6047 composite?
False
Is 559437 prime?
False
Is 50671 a composite number?
False
Is 182513 a prime number?
False
Is 181633 a prime number?
False
Is 746386 composite?
True
Is 18119 a composite number?
False
Is 104581 composite?
True
Is 1147409 a composite number?
False
Is 56689 composite?
True
Is 1428886 a prime number?
False
Is 414839 composite?
True
Is 9005 composite?
True
Is 148145 a composite number?
True
Is 278431 prime?
False
Is 5879 a composite number?
False
Is 337 a prime number?
True
Is 11863 composite?
False
Is 5171 a composite number?
False
Is 977395 a composite number?
True
Is 59989 composite?
True
Is 101911 a composite number?
True
Is 9806 a composite number?
True
Is 221827 prime?
True
Is 6019 prime?
False
Is 5623 a prime number?
True
Is 5273 a composite number?
False
Is 8461 prime?
True
Is 140603 composite?
False
Is 41671 composite?
True
Is 1399 prime?
True
Is 35729 prime?
True
Is 240367 composite?
True
Is 79537 composite?
False
Is 11827 a prime number?
True
Is 33806 a prime number?
False
Is 65795 a composite number?
True
Is 2600953 prime?
False
Is 877879 prime?
True
Is 104207 a prime number?
True
Is 4889 a composite number?
False
Is 225457 a composite number?
False
Is 377 prime?
False
Is 13403 a composite number?
True
Is 271751 a prime number?
False
Is 191483 a composite number?
True
Is 475221 a prime number?
False
Is 14603707 a prime number?
True
Is 4358 prime?
False
Is 147623 prime?
False
Is 928371 a prime number?
False
Is 763115 a prime number?
False
Is 143435 composite?
True
Is 45502 composite?
True
Is 73497 a composite number?
True
Is 272219 composite?
True
Is 149613 composite?
True
Is 4381 a composite number?
True
Is 175271 a composite number?
True
Is 404483 a composite number?
False
Is 1507 prime?
False
Is 13751 a composite number?
False
Is 319 a prime number?
False
Is 374541 a composite number?
True
Is 334639 composite?
True
Is 184697 a composite number?
True
Is 23969 prime?
False
Is 30431 composite?
False
Is 85165 a prime number?
False
Is 1210747 a prime number?
True
Is 13121 composite?
False
Is 66643 a composite number?
False
Is 167309 composite?
False
Is 108637 a prime number?
True
Is 1894757 a composite number?
False
Is 50359 a composite number?
False
Is 58601 composite?
False
Is 28727 composite?
True
Is 4535 composite?
True
Is 8101 a composite number?
False
Is 287321 a prime number?
True
Is 132887 a composite number?
False
Is 1144243 composite?
False
Is 38039 a prime number?
True
Is 11611 composite?
True
Is 1709239 a composite number?
True
Is 125777 prime?
True
Is 380495 a composite number?
True
Is 14767 prime?
True
Is 17851 composite?
False
Is 33149 a composite number?
False
Is 68171 a prime number?
True
Is 673 a composite number?
False
Is 95 composite?
True
Is 23599 prime?
True
Is 46603 composite?
True
Is 476507 a composite number?
False
Is 52147 prime?
True
Is 151991 composite?
True
Is 10753 prime?
True
Is 2237 composite?
False
Is 1889 a prime number?
True
Is 5381 prime?
True
Is 895 a composite number?
True
Is 24403 a composite number?
True
Is 4909939 a prime number?
True
Is 5951 a composite number?
True
Is 15793 a composite number?
True
Is 631 composite?
False
Is 340477 composite?
False
Is 29935 composite?
True
Is 104189 a composite number?
True
Is 41437 a prime number?
False
Is 265541 a composite number?
False
Is 28309 a prime number?
True
Is 1879 prime?
True
Is 130771 prime?
False
Is 8581 a prime number?
True
Is 10697 a prime number?
False
Is 130493 a prime number?
False
Is 15359 prime?
True
Is 358 composite?
True
Is 41269 composite?
False
Is 1139 a composite number?
True
Is 74219 a composite number?
False
Is 243517 composite?
False
Is 1869521 prime?
True
Is 455299 composite?
True
Is 4861 prime?
True
Is 119159 prime?
True
Is 64799 composite?
True
Is 705613 prime?
True
Is 33443 a composite number?
True
Is 523877 a composite number?
False
Is 1087379 composite?
False
Is 114301 a prime number?
False
Is 259409 a composite number?
True
Is 29053 prime?
False
Is 22433 a composite number?
False
Is 379231 composite?
True
Is 198673 composite?
False
Is 36749 a prime number?
True
Is 44729 a prime number?
True
Is 347489 a prime number?
True
Is 4733509 composite?
True
Is 14521 a composite number?
True
Is 16519 composite?
False
Is 62993 a prime number?
False
Is 317257 a prime number?
True
Is 33247 composite?
False
Is 1163741 prime?
False
Is 4971 prime?
False
Is 1679 composite?
True
Is 7627 a composite number?
True
Is 96013 prime?
True
Is 4481 a prime number?
True
Is 2302 composite?
True
Is 4237 composite?
True
Is 10049 prime?
False
Is 806621 a prime number?
False
Is 79682 prime